ds digit of (p*(-27)/(-180))/((-1)/(-2144))?
1
Let l = -109709 + 164699. What is the tens digit of l?
9
Let y be -10 + 16 + -1 + -1 + 747. Suppose 0 = -4*q, -2*u - 111 = 4*q - y. What is the hundreds digit of u?
3
Let d be 1/((((-4)/6)/1)/((-1430)/(-195))). Let u(h) = h - 24 - 6*h + 2*h + h**2. What is the units digit of u(d)?
0
Let n = -10 + 18. Suppose -3*w - 38 = -n. Let s(v) = v + 24. What is the tens digit of s(w)?
1
Let r = -1604 - -4452. Suppose 60*y = 68*y - r. What is the tens digit of y?
5
Suppose 5*o - 4*y - 605 + 64 = 0, 2*o - 221 = -3*y. Suppose -22 = 2*p + 14. Let z = o + p. What is the units digit of z?
1
Let r(j) = -3*j**3 + 7*j**2 - 3*j + 14. What is the tens digit of r(-6)?
3
Let z = 248 - 156. Let j = z - 98. What is the hundreds digit of 1485/12 + j/(-24)?
1
Suppose 2*r = -5*o + r + 69, -r - 29 = -2*o. Suppose -w + 5 = o. What is the tens digit of ((-506)/33)/(2/w)?
6
Let u = 43 + -41. Let z(m) = -6*m**2 + 0 + 4*m - 2 + 34*m**u - 2*m. What is the tens digit of z(1)?
2
Suppose -32*d = -76*d + 65604. What is the thousands digit of d?
1
Let s(l) be the second derivative of 55*l**4/12 - l**3/3 + 31*l**2/2 - 80*l. What is the units digit of s(4)?
3
What is the hundreds digit of 655000/56 + (-9)/21?
6
Suppose 4*k + 5*m + 623 = 2*k, 5*k + 3*m = -1548. Let p = k - -718. What is the hundreds digit of p?
4
Let x be ((-24)/15)/(-4) + (-498)/(-5). Suppose 38 = 2*n - x. Let l = n - 14. What is the units digit of l?
5
Let m(b) = 22*b - 111. Let u be m(5). What is the units digit of (-30)/(-12)*(u + (-41)/(-5))?
8
Let f(t) = 2*t**3 + 31 + 7*t**2 - t**3 - 57*t + 4*t**2 - 28*t**2. What is the units digit of f(20)?
1
Suppose 0 = -98*p + 479739 + 284073. What is the hundreds digit of p?
7
Let w(s) = 81*s**2 - 3*s - 8. Let j be w(-3). Suppose 1486 = 8*m - j. What is the tens digit of m?
7
Let b(l) be the second derivative of 33*l**3 - 7*l**2/2 - 3*l + 9. What is the hundreds digit of b(2)?
3
Let x be 195/9 + 4*(-4)/24. Let g = x - -465. Suppose i - 10*i = -g. What is the tens digit of i?
5
Let p = -168 + 183. What is the tens digit of 6/p - ((-2364)/15 - 0)?
5
Suppose -27228 = -13*i + 8*i - s, -4*i = -5*s - 21765. What is the units digit of i?
5
Let i = -3 - -7. Suppose -6*d = -20*d + 8*d + 834. Suppose -328 = -2*k + i*a, 2*k = -4*a + d + 165. What is the hundreds digit of k?
1
Let f(p) be the second derivative of -p**5/60 + 7*p**4/8 - p**3/3 + 24*p. Let l(s) be the second derivative of f(s). What is the tens digit of l(-19)?
5
Let u(f) = 4*f - 31. Let j be u(9). Suppose -j*h = -148 - 122. Suppose -d + h = b - 55, 0 = -4*b + 12. What is the tens digit of d?
0
Let x(n) = n + 4. Let a be x(-8). Let c be (-5)/a + (-561)/(-44). Suppose 5*f + 14 = -3*q, q = 2*f - 4 + c. What is the units digit of q?
2
Suppose 0 = -z + 2*t - 0 - 7, -3*z - 4*t - 31 = 0. Let k(o) be the second derivative of -2*o**3/3 + 17*o**2 - 6*o. What is the units digit of k(z)?
0
Let p(z) = 3839*z + 2319. What is the thousands digit of p(6)?
5
Let z(v) = v**2 + 36*v + 4. Let p be z(-36). Suppose 0 = 2*c + 4*s - 60, c - p*s + 2*s - 30 = 0. What is the tens digit of c?
3
Let v(y) = 3*y - 25. Let n be v(7). Let x be (-27)/n + -3*3/12. Suppose -x*m + m = 5*w - 740, -4*m - 2*w + 588 = 0. What is the hundreds digit of m?
1
Suppose 123253 = 27*r - 20954. What is the units digit of r?
1
Let p(n) = 2*n**2 - 5. Let o be p(5). Let m = o + -43. Suppose m*z - 141 - 43 = -4*a, 0 = 5*z - 4*a - 404. What is the tens digit of z?
8
Suppose -6*j = 5237 - 17981. What is the hundreds digit of j?
1
What is the thousands digit of (4 - (-316605)/21) + (-8)/(-14)?
5
Let h be (-124)/(-28) - ((-8)/14 - -1). Let r be -2 - (1 + (2 - h)) - -15. Suppose c = r + 32. What is the units digit of c?
6
Let g = -167 + -73. Let i(y) = -5*y + 8. Let l be i(9). Let v = l - g. What is the units digit of v?
3
Let i = -43 - -45. Let x be ((-2)/i - 1) + 20/4. Suppose -3*y + 102 = 4*f - f, -118 = -x*y + f. What is the tens digit of y?
3
Let s(j) = 10 + 92*j**2 - 5 + 4*j - 8. Let l be 8/6 + 1/(-3). What is the tens digit of s(l)?
9
Suppose 5*k + 228 = -482. What is the units digit of (56/112)/((-143)/k - 1)?
1
Suppose -4*y = -t - 25291, 51*t - 62*t = y - 6244. What is the units digit of y?
1
Suppose -278*l - 324 = -275*l. What is the units digit of 9/(-2)*(-9)/(l/(-640))?
0
Suppose 5*h = h - 5*g + 62, -5*g = -4*h + 42. Let w = h - -217. What is the units digit of w?
0
Suppose 3*z - 90733 = -3*o - 9427, 2*z = -o + 54207. What is the tens digit of z?
0
Let c = 8917 + 3470. What is the ten thousands digit of c?
1
Let o = 49 + -44. Suppose o*i - 3*i + 2920 = 0. What is the hundreds digit of 2*4/(-28) - i/14?
1
Let s(r) = -r**3 + 6*r**2 + 16*r - 17. Let l be s(5). Suppose l = -b + 334. What is the tens digit of b?
4
Let y = 723 + -512. What is the units digit of (10 + -9)/((-421)/y - -2)?
1
Let h(n) = -55*n + 20. Let s(x) = -x + 1. Let a(k) = h(k) + 6*s(k). What is the tens digit of a(-8)?
1
Suppose -36*d = -24*d - 59892. Suppose -q - d = -8*q. What is the hundreds digit of q?
7
Let t(o) be the third derivative of 0*o + 0 + 109/30*o**5 - 3/2*o**3 + 16*o**2 - 1/3*o**4. What is the units digit of t(-1)?
7
Let v(l) = -l**3 + 12*l**2 + 28*l + 1. Let i be v(10). Suppose -3*y + 2*x = 6*x - 361, 5*x - i = -4*y. What is the hundreds digit of y?
1
Let f be (6/9)/(10/(-3) - -3). Let v = f + -8. What is the units digit of ((-492)/14)/(v/70)?
6
Let m(p) = -6*p - 10. Let w(i) = -2*i + 9. Let v be w(6). Let g be m(v). Suppose -821 = -g*u - 5. What is the units digit of u?
2
Let r = -5 + 9. Let z be 46 + -2 + (1 - -3) + 4. Suppose 0*x - z = -r*x. What is the tens digit of x?
1
What is the units digit of ((-10)/(-3))/((-76)/(-572166))?
5
Let w(y) = 6767*y**2 - 136*y - 287. What is the thousands digit of w(-2)?
7
Suppose -j - 2*j = 1743. Let n = -140 - j. What is the units digit of n?
1
Let l be -126*98/(-51) - 34/289. Let w = -586 - -840. Suppose 8*v - w = l. What is the tens digit of v?
6
Let a(i) = i**3 - 6*i**2 - 8*i + 17. Let h be a(7). Suppose 5*y + 10 = 0, 15*y = t + h*y - 235. What is the hundreds digit of t?
2
Let j be (2/(-4))/(6/(-168)). Let t be (-914)/j + (-2)/(-7). Let l = -34 - t. What is the units digit of l?
1
Suppose -1 = -u - 0*u, -u = 3*b - 2215. Suppose -91*z = -93*z - b. Let j = -202 - z. What is the hundreds digit of j?
1
Let n(v) = 80*v + 3. Let t(l) = 2*l**3 + 4*l**2 + l. Let a be t(-2). Let w(g) = -80*g - 3. Let o(r) = a*n(r) - 3*w(r). What is the tens digit of o(1)?
8
Let p be (20/30)/(8/60). What is the units digit of (-112 - -1)/(p + -7 + 1)?
1
Let g(p) = -p**2 - 14*p - 1. Let n(d) = d**2 - 9*d + 8. Let u be n(7). What is the units digit of g(u)?
7
Let b = 129 - 125. Suppose 928 = 4*m + j, b*m - 7*j - 928 = -5*j. What is the units digit of m?
2
Let y be (1084*15/(-120))/(1/(-2)). Suppose 3*m - 18 = -3*d, -2*d - 2 = -3*m + 6. Suppose -y = -3*w - d*v, 0 = -2*v - 4 + 8. What is the units digit of w?
9
Let t = -25664 - -47845. What is the thousands digit of t?
2
Let l(z) = 2*z**3 - 6*z**2 + 4*z + 7. Let p(j) = j**2 + 5*j - 18. Let b be p(-8). Let r be (b/15)/(12/120). What is the tens digit of l(r)?
5
Let g(t) be the first derivative of 4*t**3/3 + 7*t**2/2 + 352. Let z = 2 + -7. What is the tens digit of g(z)?
6
What is the units digit of (34 - -4)/((-2)/(-40))?
0
Let x(t) = -27*t**3 - 4*t**2 + 8*t - 10. Let a(u) = -54*u**3 - 8*u**2 + 15*u - 18. Let d(q) = -4*a(q) + 7*x(q). What is the units digit of d(3)?
5
Suppose 24*d = -5435 + 1352291. What is the thousands digit of d?
6
Suppose -5*m + 11 = -2*f - 6, 11 = -f + 3*m. Suppose -5*a - 406 = -4*c, -2*a + 276 = f*c - 144. What is the tens digit of c?
0
Let t(y) = 2*y + 18. Let a be t(-8). Suppose a*g = -3*g, -4*k + 1536 = -5*g. What is the hundreds digit of k?
3
Let t(b) = b**2 + 9*b + 10. Let v be t(-7). Let s be 3 - 0 - (0 + v + 7). Suppose -3*f - 15 = s, 0*r + 295 = 5*r + 3*f. What is the units digit of r?
2
Suppose 32*b - 136077 + 19862 = 21*b. What is the units digit of b?
5
Suppose 53*f - 7159 - 40011 = 0. What is the tens digit of f?
9
What is the tens digit of 4/(-7) - 23202/504*-44?
2
Suppose 0 = 4*m + 3*d + d - 60, 3*m - 27 = 3*d. Let x be 2404/(-16) - (-3)/m. What is the units digit of (-2 - x)/(3 - 1)?
4
Suppose -47*i - 26806 + 449336 = 0. Suppose 12*f = 2*f 